{"id":40,"date":"2025-11-05T10:40:58","date_gmt":"2025-11-05T10:40:58","guid":{"rendered":"https:\/\/clea-drai.icca-reims.fr\/?page_id=40"},"modified":"2025-11-07T10:50:26","modified_gmt":"2025-11-07T10:50:26","slug":"a-propos-de-moi","status":"publish","type":"page","link":"https:\/\/clea-drai.icca-reims.fr\/?page_id=40","title":{"rendered":"\u00c0 PROPOS DE MOI"},"content":{"rendered":"\t\t<div data-elementor-type=\"wp-page\" data-elementor-id=\"40\" class=\"elementor elementor-40\" data-elementor-post-type=\"page\">\n\t\t\t\t<div class=\"elementor-element elementor-element-4c201dc e-flex e-con-boxed wpr-particle-no wpr-jarallax-no wpr-parallax-no wpr-sticky-section-no wpr-equal-height-no e-con e-parent\" data-id=\"4c201dc\" data-element_type=\"container\" data-e-type=\"container\">\n\t\t\t\t\t<div class=\"e-con-inner\">\n\t\t\t\t<div class=\"elementor-element elementor-element-cc2dc97 elementor-widget elementor-widget-image\" data-id=\"cc2dc97\" data-element_type=\"widget\" data-e-type=\"widget\" data-widget_type=\"image.default\">\n\t\t\t\t\t\t\t\t\t\t\t\t\t\t\t<img fetchpriority=\"high\" decoding=\"async\" width=\"768\" height=\"523\" src=\"https:\/\/clea-drai.icca-reims.fr\/wp-content\/uploads\/2025\/11\/clea-petite-768x523.png\" class=\"attachment-medium_large size-medium_large wp-image-50\" alt=\"\" srcset=\"https:\/\/clea-drai.icca-reims.fr\/wp-content\/uploads\/2025\/11\/clea-petite-768x523.png 768w, https:\/\/clea-drai.icca-reims.fr\/wp-content\/uploads\/2025\/11\/clea-petite-300x204.png 300w, https:\/\/clea-drai.icca-reims.fr\/wp-content\/uploads\/2025\/11\/clea-petite.png 809w\" sizes=\"(max-width: 768px) 100vw, 768px\" \/>\t\t\t\t\t\t\t\t\t\t\t\t\t\t\t<\/div>\n\t\t\t\t<div class=\"elementor-element elementor-element-e9be94f elementor-widget elementor-widget-heading\" data-id=\"e9be94f\" data-element_type=\"widget\" data-e-type=\"widget\" data-widget_type=\"heading.default\">\n\t\t\t\t\t<h2 class=\"elementor-heading-title elementor-size-default\">\u00c0 propos de moi<\/h2>\t\t\t\t<\/div>\n\t\t\t\t<div class=\"elementor-element elementor-element-d7376b4 elementor-widget elementor-widget-text-editor\" data-id=\"d7376b4\" data-element_type=\"widget\" data-e-type=\"widget\" data-widget_type=\"text-editor.default\">\n\t\t\t\t\t\t\t\t\t<p>Je m&rsquo;appelle Cl\u00e9a, je suis \u00e9tudiante en communication et je suis passionn\u00e9e par le graphisme, la communication ainsi que la musique. J&rsquo;aime imaginer, cr\u00e9er et donner vie \u00e0 des id\u00e9es qui me ressemblent. Pour moi, chaque projet est une fa\u00e7on d&rsquo;exprimer ma cr\u00e9ativit\u00e9 et de partager ce qui m&rsquo;inspire au quotidien.\u00a0<\/p>\t\t\t\t\t\t\t\t<\/div>\n\t\t\t\t\t<\/div>\n\t\t\t\t<\/div>\n\t\t<div class=\"elementor-element elementor-element-5894552 e-flex e-con-boxed wpr-particle-no wpr-jarallax-no wpr-parallax-no wpr-sticky-section-no wpr-equal-height-no e-con e-parent\" data-id=\"5894552\" data-element_type=\"container\" data-e-type=\"container\">\n\t\t\t\t\t<div class=\"e-con-inner\">\n\t\t\t\t<div class=\"elementor-element elementor-element-a2fcf57 elementor-absolute e-transform elementor-view-default elementor-widget elementor-widget-icon\" data-id=\"a2fcf57\" data-element_type=\"widget\" data-e-type=\"widget\" data-settings=\"{&quot;_position&quot;:&quot;absolute&quot;,&quot;_transform_rotateZ_effect&quot;:{&quot;unit&quot;:&quot;px&quot;,&quot;size&quot;:35,&quot;sizes&quot;:[]},&quot;_transform_rotateZ_effect_tablet&quot;:{&quot;unit&quot;:&quot;deg&quot;,&quot;size&quot;:&quot;&quot;,&quot;sizes&quot;:[]},&quot;_transform_rotateZ_effect_mobile&quot;:{&quot;unit&quot;:&quot;deg&quot;,&quot;size&quot;:&quot;&quot;,&quot;sizes&quot;:[]}}\" data-widget_type=\"icon.default\">\n\t\t\t\t\t\t\t<div class=\"elementor-icon-wrapper\">\n\t\t\t<div class=\"elementor-icon\">\n\t\t\t<svg aria-hidden=\"true\" class=\"e-font-icon-svg e-fas-star\" viewBox=\"0 0 576 512\" xmlns=\"http:\/\/www.w3.org\/2000\/svg\"><path d=\"M259.3 17.8L194 150.2 47.9 171.5c-26.2 3.8-36.7 36.1-17.7 54.6l105.7 103-25 145.5c-4.5 26.3 23.2 46 46.4 33.7L288 439.6l130.7 68.7c23.2 12.2 50.9-7.4 46.4-33.7l-25-145.5 105.7-103c19-18.5 8.5-50.8-17.7-54.6L382 150.2 316.7 17.8c-11.7-23.6-45.6-23.9-57.4 0z\"><\/path><\/svg>\t\t\t<\/div>\n\t\t<\/div>\n\t\t\t\t\t\t<\/div>\n\t\t\t\t<div class=\"elementor-element elementor-element-65f5b96 elementor-absolute e-transform elementor-view-default elementor-widget elementor-widget-icon\" data-id=\"65f5b96\" data-element_type=\"widget\" data-e-type=\"widget\" data-settings=\"{&quot;_position&quot;:&quot;absolute&quot;,&quot;_transform_rotateZ_effect&quot;:{&quot;unit&quot;:&quot;px&quot;,&quot;size&quot;:18,&quot;sizes&quot;:[]},&quot;_transform_rotateZ_effect_tablet&quot;:{&quot;unit&quot;:&quot;deg&quot;,&quot;size&quot;:&quot;&quot;,&quot;sizes&quot;:[]},&quot;_transform_rotateZ_effect_mobile&quot;:{&quot;unit&quot;:&quot;deg&quot;,&quot;size&quot;:&quot;&quot;,&quot;sizes&quot;:[]}}\" data-widget_type=\"icon.default\">\n\t\t\t\t\t\t\t<div class=\"elementor-icon-wrapper\">\n\t\t\t<div class=\"elementor-icon\">\n\t\t\t<svg aria-hidden=\"true\" class=\"e-font-icon-svg e-fas-star\" viewBox=\"0 0 576 512\" xmlns=\"http:\/\/www.w3.org\/2000\/svg\"><path d=\"M259.3 17.8L194 150.2 47.9 171.5c-26.2 3.8-36.7 36.1-17.7 54.6l105.7 103-25 145.5c-4.5 26.3 23.2 46 46.4 33.7L288 439.6l130.7 68.7c23.2 12.2 50.9-7.4 46.4-33.7l-25-145.5 105.7-103c19-18.5 8.5-50.8-17.7-54.6L382 150.2 316.7 17.8c-11.7-23.6-45.6-23.9-57.4 0z\"><\/path><\/svg>\t\t\t<\/div>\n\t\t<\/div>\n\t\t\t\t\t\t<\/div>\n\t\t\t\t<div class=\"elementor-element elementor-element-439c140 elementor-absolute e-transform elementor-view-default elementor-widget elementor-widget-icon\" data-id=\"439c140\" data-element_type=\"widget\" data-e-type=\"widget\" data-settings=\"{&quot;_position&quot;:&quot;absolute&quot;,&quot;_transform_rotateZ_effect&quot;:{&quot;unit&quot;:&quot;px&quot;,&quot;size&quot;:18,&quot;sizes&quot;:[]},&quot;_transform_rotateZ_effect_tablet&quot;:{&quot;unit&quot;:&quot;deg&quot;,&quot;size&quot;:&quot;&quot;,&quot;sizes&quot;:[]},&quot;_transform_rotateZ_effect_mobile&quot;:{&quot;unit&quot;:&quot;deg&quot;,&quot;size&quot;:&quot;&quot;,&quot;sizes&quot;:[]}}\" data-widget_type=\"icon.default\">\n\t\t\t\t\t\t\t<div class=\"elementor-icon-wrapper\">\n\t\t\t<div class=\"elementor-icon\">\n\t\t\t<svg aria-hidden=\"true\" class=\"e-font-icon-svg e-fas-star\" viewBox=\"0 0 576 512\" xmlns=\"http:\/\/www.w3.org\/2000\/svg\"><path d=\"M259.3 17.8L194 150.2 47.9 171.5c-26.2 3.8-36.7 36.1-17.7 54.6l105.7 103-25 145.5c-4.5 26.3 23.2 46 46.4 33.7L288 439.6l130.7 68.7c23.2 12.2 50.9-7.4 46.4-33.7l-25-145.5 105.7-103c19-18.5 8.5-50.8-17.7-54.6L382 150.2 316.7 17.8c-11.7-23.6-45.6-23.9-57.4 0z\"><\/path><\/svg>\t\t\t<\/div>\n\t\t<\/div>\n\t\t\t\t\t\t<\/div>\n\t\t\t\t<div class=\"elementor-element elementor-element-6e2462f elementor-widget-divider--view-line elementor-widget elementor-widget-divider\" data-id=\"6e2462f\" data-element_type=\"widget\" data-e-type=\"widget\" data-widget_type=\"divider.default\">\n\t\t\t\t\t\t\t<div class=\"elementor-divider\">\n\t\t\t<span class=\"elementor-divider-separator\">\n\t\t\t\t\t\t<\/span>\n\t\t<\/div>\n\t\t\t\t\t\t<\/div>\n\t\t\t\t<div class=\"elementor-element elementor-element-8802b08 elementor-widget elementor-widget-heading\" data-id=\"8802b08\" data-element_type=\"widget\" data-e-type=\"widget\" data-widget_type=\"heading.default\">\n\t\t\t\t\t<h2 class=\"elementor-heading-title elementor-size-default\">Mon parcours scolaire <\/h2>\t\t\t\t<\/div>\n\t\t\t\t\t<\/div>\n\t\t\t\t<\/div>\n\t\t<div class=\"elementor-element elementor-element-08ad6bb e-flex e-con-boxed wpr-particle-no wpr-jarallax-no wpr-parallax-no wpr-sticky-section-no wpr-equal-height-no e-con e-parent\" data-id=\"08ad6bb\" data-element_type=\"container\" data-e-type=\"container\">\n\t\t\t\t\t<div class=\"e-con-inner\">\n\t\t<div class=\"elementor-element elementor-element-6eace29 e-con-full e-flex wpr-particle-no wpr-jarallax-no wpr-parallax-no wpr-sticky-section-no wpr-equal-height-no e-con e-child\" data-id=\"6eace29\" data-element_type=\"container\" data-e-type=\"container\">\n\t\t\t\t<div class=\"elementor-element elementor-element-d023242 elementor-widget elementor-widget-text-editor\" data-id=\"d023242\" data-element_type=\"widget\" data-e-type=\"widget\" data-widget_type=\"text-editor.default\">\n\t\t\t\t\t\t\t\t\t<p data-start=\"373\" data-end=\"641\">J\u2019ai fait toute ma scolarit\u00e9 \u00e0 Reims, o\u00f9 j\u2019ai eu la chance d\u2019\u00e9voluer dans un environnement \u00e0 la fois bienveillant et formateur.<br data-start=\"504\" data-end=\"507\" \/>Depuis toujours, j\u2019ai aim\u00e9 cr\u00e9er, imaginer et donner vie \u00e0 des id\u00e9es, que ce soit \u00e0 travers des projets scolaires ou personnels.<\/p><p data-start=\"643\" data-end=\"891\">Au lyc\u00e9e, j\u2019ai choisi la fili\u00e8re STMG, avec l\u2019option Ressources humaines et communication. C\u2019est \u00e0 ce moment-l\u00e0 que j\u2019ai d\u00e9couvert mon int\u00e9r\u00eat pour la communication, un domaine qui me permet justement d\u2019allier cr\u00e9ativit\u00e9 et r\u00e9flexion.<\/p><p data-start=\"893\" data-end=\"1142\">Nous avons notamment particip\u00e9 \u00e0 un concours de communication visuelle autour d\u2019un projet \u00e9coresponsable. Cette exp\u00e9rience m\u2019a permis de mettre ma cr\u00e9ativit\u00e9 au service d\u2019un message porteur de sens, tout en d\u00e9veloppant mon esprit d\u2019\u00e9quipe.<\/p><p data-start=\"1144\" data-end=\"1494\">C\u2019est cette exp\u00e9rience qui m\u2019a motiv\u00e9e \u00e0 poursuivre mes \u00e9tudes \u00e0 ESUPCOM Reims, une \u00e9cole sp\u00e9cialis\u00e9e dans la communication et le marketing.<br data-start=\"1288\" data-end=\"1291\" \/>Aujourd\u2019hui, ma formation me permet d\u2019approfondir mes comp\u00e9tences en strat\u00e9gie, cr\u00e9ation de contenus et gestion de projets, tout en confirmant mon envie d\u2019\u00e9voluer dans le domaine de la communication.<\/p>\t\t\t\t\t\t\t\t<\/div>\n\t\t\t\t<\/div>\n\t\t<div class=\"elementor-element elementor-element-c77d896 e-con-full e-flex wpr-particle-no wpr-jarallax-no wpr-parallax-no wpr-sticky-section-no wpr-equal-height-no e-con e-child\" data-id=\"c77d896\" data-element_type=\"container\" data-e-type=\"container\">\n\t\t\t\t<div class=\"elementor-element elementor-element-76c9d22 elementor-widget elementor-widget-image\" data-id=\"76c9d22\" data-element_type=\"widget\" data-e-type=\"widget\" data-widget_type=\"image.default\">\n\t\t\t\t\t\t\t\t\t\t\t\t\t\t\t<img decoding=\"async\" width=\"1024\" height=\"683\" src=\"https:\/\/clea-drai.icca-reims.fr\/wp-content\/uploads\/2025\/11\/CathedraleReimsJour001-1024x683.png\" class=\"attachment-large size-large wp-image-69\" alt=\"\" srcset=\"https:\/\/clea-drai.icca-reims.fr\/wp-content\/uploads\/2025\/11\/CathedraleReimsJour001-1024x683.png 1024w, https:\/\/clea-drai.icca-reims.fr\/wp-content\/uploads\/2025\/11\/CathedraleReimsJour001-300x200.png 300w, https:\/\/clea-drai.icca-reims.fr\/wp-content\/uploads\/2025\/11\/CathedraleReimsJour001-768x512.png 768w, https:\/\/clea-drai.icca-reims.fr\/wp-content\/uploads\/2025\/11\/CathedraleReimsJour001-1536x1024.png 1536w, https:\/\/clea-drai.icca-reims.fr\/wp-content\/uploads\/2025\/11\/CathedraleReimsJour001.png 1800w\" sizes=\"(max-width: 1024px) 100vw, 1024px\" \/>\t\t\t\t\t\t\t\t\t\t\t\t\t\t\t<\/div>\n\t\t\t\t<\/div>\n\t\t\t\t\t<\/div>\n\t\t\t\t<\/div>\n\t\t<div class=\"elementor-element elementor-element-0ffc3a0 e-flex e-con-boxed wpr-particle-no wpr-jarallax-no wpr-parallax-no wpr-sticky-section-no wpr-equal-height-no e-con e-parent\" data-id=\"0ffc3a0\" data-element_type=\"container\" data-e-type=\"container\">\n\t\t\t\t\t<div class=\"e-con-inner\">\n\t\t\t\t<div class=\"elementor-element elementor-element-9f1165a elementor-widget-divider--view-line elementor-widget elementor-widget-divider\" data-id=\"9f1165a\" data-element_type=\"widget\" data-e-type=\"widget\" data-widget_type=\"divider.default\">\n\t\t\t\t\t\t\t<div class=\"elementor-divider\">\n\t\t\t<span class=\"elementor-divider-separator\">\n\t\t\t\t\t\t<\/span>\n\t\t<\/div>\n\t\t\t\t\t\t<\/div>\n\t\t\t\t<div class=\"elementor-element elementor-element-7702718 elementor-widget elementor-widget-heading\" data-id=\"7702718\" data-element_type=\"widget\" data-e-type=\"widget\" data-widget_type=\"heading.default\">\n\t\t\t\t\t<h2 class=\"elementor-heading-title elementor-size-default\">Mes comp\u00e9tences<\/h2>\t\t\t\t<\/div>\n\t\t\t\t\t<\/div>\n\t\t\t\t<\/div>\n\t\t<div class=\"elementor-element elementor-element-59704e0 e-flex e-con-boxed wpr-particle-no wpr-jarallax-no wpr-parallax-no wpr-sticky-section-no wpr-equal-height-no e-con e-parent\" data-id=\"59704e0\" data-element_type=\"container\" data-e-type=\"container\">\n\t\t\t\t\t<div class=\"e-con-inner\">\n\t\t\t\t<div class=\"elementor-element elementor-element-ef07fc2 elementor-widget elementor-widget-image\" data-id=\"ef07fc2\" data-element_type=\"widget\" data-e-type=\"widget\" data-widget_type=\"image.default\">\n\t\t\t\t\t\t\t\t\t\t\t\t\t\t\t<img decoding=\"async\" width=\"768\" height=\"576\" src=\"https:\/\/clea-drai.icca-reims.fr\/wp-content\/uploads\/2025\/11\/clea-grande-2-768x576.png\" class=\"attachment-medium_large size-medium_large wp-image-86\" alt=\"\" srcset=\"https:\/\/clea-drai.icca-reims.fr\/wp-content\/uploads\/2025\/11\/clea-grande-2-768x576.png 768w, https:\/\/clea-drai.icca-reims.fr\/wp-content\/uploads\/2025\/11\/clea-grande-2-300x225.png 300w, https:\/\/clea-drai.icca-reims.fr\/wp-content\/uploads\/2025\/11\/clea-grande-2.png 1000w\" sizes=\"(max-width: 768px) 100vw, 768px\" \/>\t\t\t\t\t\t\t\t\t\t\t\t\t\t\t<\/div>\n\t\t\t\t<div class=\"elementor-element elementor-element-f8a2fca elementor-widget elementor-widget-text-editor\" data-id=\"f8a2fca\" data-element_type=\"widget\" data-e-type=\"widget\" data-widget_type=\"text-editor.default\">\n\t\t\t\t\t\t\t\t\t<ul data-start=\"436\" data-end=\"797\"><li data-start=\"436\" data-end=\"507\"><p data-start=\"438\" data-end=\"507\">Ma\u00eetrise des logiciels Adobe Photoshop, Illustrator et InDesign<\/p><\/li><li data-start=\"508\" data-end=\"582\"><p data-start=\"510\" data-end=\"582\">Cr\u00e9ation de visuels, affiches, flyers et supports print &amp; digitaux<\/p><\/li><li data-start=\"583\" data-end=\"655\"><p data-start=\"585\" data-end=\"655\">R\u00e9alisation de chartes graphiques coh\u00e9rentes et professionnelles<\/p><\/li><li data-start=\"656\" data-end=\"724\"><p data-start=\"658\" data-end=\"724\">Utilisation de Canva pour des cr\u00e9ations rapides et efficaces<\/p><\/li><li data-start=\"725\" data-end=\"797\"><p data-start=\"727\" data-end=\"797\">Sens du design, de l\u2019harmonie des couleurs et de la mise en page<\/p><\/li><\/ul>\t\t\t\t\t\t\t\t<\/div>\n\t\t\t\t\t<\/div>\n\t\t\t\t<\/div>\n\t\t<div class=\"elementor-element elementor-element-dd42683 e-flex e-con-boxed wpr-particle-no wpr-jarallax-no wpr-parallax-no wpr-sticky-section-no wpr-equal-height-no e-con e-parent\" data-id=\"dd42683\" data-element_type=\"container\" data-e-type=\"container\">\n\t\t\t\t\t<div class=\"e-con-inner\">\n\t\t\t\t<div class=\"elementor-element elementor-element-fb11f45 elementor-absolute e-transform elementor-widget elementor-widget-image\" data-id=\"fb11f45\" data-element_type=\"widget\" data-e-type=\"widget\" data-settings=\"{&quot;_position&quot;:&quot;absolute&quot;,&quot;_transform_rotateZ_effect&quot;:{&quot;unit&quot;:&quot;px&quot;,&quot;size&quot;:-31,&quot;sizes&quot;:[]},&quot;_transform_rotateZ_effect_tablet&quot;:{&quot;unit&quot;:&quot;deg&quot;,&quot;size&quot;:&quot;&quot;,&quot;sizes&quot;:[]},&quot;_transform_rotateZ_effect_mobile&quot;:{&quot;unit&quot;:&quot;deg&quot;,&quot;size&quot;:&quot;&quot;,&quot;sizes&quot;:[]}}\" data-widget_type=\"image.default\">\n\t\t\t\t\t\t\t\t\t\t\t\t\t\t\t<img loading=\"lazy\" decoding=\"async\" width=\"100\" height=\"100\" src=\"https:\/\/clea-drai.icca-reims.fr\/wp-content\/uploads\/2025\/11\/canva3.png\" class=\"attachment-thumbnail size-thumbnail wp-image-178\" alt=\"\" \/>\t\t\t\t\t\t\t\t\t\t\t\t\t\t\t<\/div>\n\t\t\t\t<div class=\"elementor-element elementor-element-4faa73c elementor-absolute e-transform elementor-widget elementor-widget-image\" data-id=\"4faa73c\" data-element_type=\"widget\" data-e-type=\"widget\" data-settings=\"{&quot;_position&quot;:&quot;absolute&quot;,&quot;_transform_rotateZ_effect&quot;:{&quot;unit&quot;:&quot;px&quot;,&quot;size&quot;:13,&quot;sizes&quot;:[]},&quot;_transform_rotateZ_effect_tablet&quot;:{&quot;unit&quot;:&quot;deg&quot;,&quot;size&quot;:&quot;&quot;,&quot;sizes&quot;:[]},&quot;_transform_rotateZ_effect_mobile&quot;:{&quot;unit&quot;:&quot;deg&quot;,&quot;size&quot;:&quot;&quot;,&quot;sizes&quot;:[]}}\" data-widget_type=\"image.default\">\n\t\t\t\t\t\t\t\t\t\t\t\t\t\t\t<img loading=\"lazy\" decoding=\"async\" width=\"100\" height=\"100\" src=\"https:\/\/clea-drai.icca-reims.fr\/wp-content\/uploads\/2025\/11\/photoshop-svgrepo-com.png\" class=\"attachment-medium size-medium wp-image-216\" alt=\"\" \/>\t\t\t\t\t\t\t\t\t\t\t\t\t\t\t<\/div>\n\t\t\t\t\t<\/div>\n\t\t\t\t<\/div>\n\t\t<div class=\"elementor-element elementor-element-58c6897 e-flex e-con-boxed wpr-particle-no wpr-jarallax-no wpr-parallax-no wpr-sticky-section-no wpr-equal-height-no e-con e-parent\" data-id=\"58c6897\" data-element_type=\"container\" data-e-type=\"container\">\n\t\t\t\t\t<div class=\"e-con-inner\">\n\t\t\t\t<div class=\"elementor-element elementor-element-8e33b43 elementor-absolute e-transform elementor-widget elementor-widget-image\" data-id=\"8e33b43\" data-element_type=\"widget\" data-e-type=\"widget\" data-settings=\"{&quot;_position&quot;:&quot;absolute&quot;,&quot;_transform_rotateZ_effect&quot;:{&quot;unit&quot;:&quot;px&quot;,&quot;size&quot;:18,&quot;sizes&quot;:[]},&quot;_transform_rotateZ_effect_tablet&quot;:{&quot;unit&quot;:&quot;deg&quot;,&quot;size&quot;:&quot;&quot;,&quot;sizes&quot;:[]},&quot;_transform_rotateZ_effect_mobile&quot;:{&quot;unit&quot;:&quot;deg&quot;,&quot;size&quot;:&quot;&quot;,&quot;sizes&quot;:[]}}\" data-widget_type=\"image.default\">\n\t\t\t\t\t\t\t\t\t\t\t\t\t\t\t<img loading=\"lazy\" decoding=\"async\" width=\"100\" height=\"100\" src=\"https:\/\/clea-drai.icca-reims.fr\/wp-content\/uploads\/2025\/11\/indesign-svgrepo-com.png\" class=\"attachment-medium size-medium wp-image-212\" alt=\"\" \/>\t\t\t\t\t\t\t\t\t\t\t\t\t\t\t<\/div>\n\t\t\t\t\t<\/div>\n\t\t\t\t<\/div>\n\t\t<div class=\"elementor-element elementor-element-3dbd0a1 e-flex e-con-boxed wpr-particle-no wpr-jarallax-no wpr-parallax-no wpr-sticky-section-no wpr-equal-height-no e-con e-parent\" data-id=\"3dbd0a1\" data-element_type=\"container\" data-e-type=\"container\">\n\t\t\t\t\t<div class=\"e-con-inner\">\n\t\t\t\t\t<\/div>\n\t\t\t\t<\/div>\n\t\t\t\t<\/div>\n\t\t","protected":false},"excerpt":{"rendered":"<p>\u00c0 propos de moi Je m&rsquo;appelle Cl\u00e9a, je suis \u00e9tudiante en communication et je suis passionn\u00e9e par le graphisme, la communication ainsi que la musique. J&rsquo;aime imaginer, cr\u00e9er et donner vie \u00e0 des id\u00e9es qui me ressemblent. Pour moi, chaque projet est une fa\u00e7on d&rsquo;exprimer ma cr\u00e9ativit\u00e9 et de partager ce qui m&rsquo;inspire au quotidien.\u00a0 Mon parcours scolaire J\u2019ai fait toute ma scolarit\u00e9 \u00e0 Reims, o\u00f9 j\u2019ai eu la chance d\u2019\u00e9voluer dans un environnement \u00e0 la fois bienveillant et formateur.Depuis toujours, j\u2019ai aim\u00e9 cr\u00e9er, imaginer et donner vie \u00e0 des id\u00e9es, que ce soit \u00e0 travers des projets scolaires ou personnels. Au lyc\u00e9e, j\u2019ai choisi la fili\u00e8re STMG, avec l\u2019option Ressources humaines et communication. C\u2019est \u00e0 ce moment-l\u00e0 que j\u2019ai d\u00e9couvert mon int\u00e9r\u00eat pour la communication, un domaine qui me permet justement d\u2019allier cr\u00e9ativit\u00e9 et r\u00e9flexion. Nous avons notamment particip\u00e9 \u00e0 un concours de communication visuelle autour d\u2019un projet \u00e9coresponsable. Cette exp\u00e9rience m\u2019a permis de mettre ma cr\u00e9ativit\u00e9 au service d\u2019un message porteur de sens, tout en d\u00e9veloppant mon esprit d\u2019\u00e9quipe. C\u2019est cette exp\u00e9rience qui m\u2019a motiv\u00e9e \u00e0 poursuivre mes \u00e9tudes \u00e0 ESUPCOM Reims, une \u00e9cole sp\u00e9cialis\u00e9e dans la communication et le marketing.Aujourd\u2019hui, ma formation me permet d\u2019approfondir mes comp\u00e9tences en strat\u00e9gie, cr\u00e9ation de contenus et gestion de projets, tout en confirmant mon envie d\u2019\u00e9voluer dans le domaine de la communication. Mes comp\u00e9tences Ma\u00eetrise des logiciels Adobe Photoshop, Illustrator et InDesign Cr\u00e9ation de visuels, affiches, flyers et supports print &amp; digitaux R\u00e9alisation de chartes graphiques coh\u00e9rentes et professionnelles Utilisation de Canva pour des cr\u00e9ations rapides et efficaces Sens du design, de l\u2019harmonie des couleurs et de la mise en page<\/p>\n","protected":false},"author":1,"featured_media":0,"parent":0,"menu_order":0,"comment_status":"closed","ping_status":"closed","template":"elementor_theme","meta":{"footnotes":""},"class_list":["post-40","page","type-page","status-publish","hentry"],"_links":{"self":[{"href":"https:\/\/clea-drai.icca-reims.fr\/index.php?rest_route=\/wp\/v2\/pages\/40","targetHints":{"allow":["GET"]}}],"collection":[{"href":"https:\/\/clea-drai.icca-reims.fr\/index.php?rest_route=\/wp\/v2\/pages"}],"about":[{"href":"https:\/\/clea-drai.icca-reims.fr\/index.php?rest_route=\/wp\/v2\/types\/page"}],"author":[{"embeddable":true,"href":"https:\/\/clea-drai.icca-reims.fr\/index.php?rest_route=\/wp\/v2\/users\/1"}],"replies":[{"embeddable":true,"href":"https:\/\/clea-drai.icca-reims.fr\/index.php?rest_route=%2Fwp%2Fv2%2Fcomments&post=40"}],"version-history":[{"count":46,"href":"https:\/\/clea-drai.icca-reims.fr\/index.php?rest_route=\/wp\/v2\/pages\/40\/revisions"}],"predecessor-version":[{"id":254,"href":"https:\/\/clea-drai.icca-reims.fr\/index.php?rest_route=\/wp\/v2\/pages\/40\/revisions\/254"}],"wp:attachment":[{"href":"https:\/\/clea-drai.icca-reims.fr\/index.php?rest_route=%2Fwp%2Fv2%2Fmedia&parent=40"}],"curies":[{"name":"wp","href":"https:\/\/api.w.org\/{rel}","templated":true}]}}